*s. Let j be 6 + (3 - 2) + -3. Suppose -2*z + 0*z = j*o - s, -o + 30 = -5*z. Is o prime?
False
Let h(r) = r. Let a be h(-1). Is (-31*1*a)/1 composite?
False
Let s be (2 + (-1)/2)*-2. Let h be (18/4)/(s/6). Let l = h + 86. Is l a prime number?
False
Let m = -9 - -5. Let n(k) = 13*k**2 - 4*k - 1. Is n(m) a prime number?
True
Suppose -k - 986 = -3*k. Is k a prime number?
False
Suppose 230 + 102 = 2*w. Suppose -2*z = -w + 12. Is z a prime number?
False
Let q(a) = -a**3 + 16*a**2 - 13*a - 1. Is q(14) prime?
False
Let q = -279 + 490. Is q a composite number?
False
Let t be (-1)/4 - 1290/(-8). Let j = t - 59. Let p = j + -25. Is p prime?
False
Suppose -5*c + 4*r = -25631, 4*c - 2*r - 17262 = 3244. Is c a prime number?
False
Suppose 5 = -5*n, -4*w + 3*n = 2*n - 45. Is 2 + (9 + -2)*w a prime number?
True
Let x(q) = q**3 - 2*q**2 + q. Let g be x(2). Let h = g - -21. Is h composite?
False
Let q = 1 - 0. Let v be 0 - ((q - 0) + -351). Suppose 5*l + 0*l - 155 = -2*w, 0 = -5*w - 5*l + v. Is w composite?
True
Let v(g) = 11*g - 1. Let y(w) = w**2 - 4*w + 1. Suppose -10 = -o - o. Let u be y(o). Is v(u) composite?
True
Suppose -7*k + 268 = -3*k. Is k a composite number?
False
Is (3237/(-6))/(2 - 15/6) composite?
True
Is (-1 - (-20)/12)*15396/8 a prime number?
True
Let i(a) be the first derivative of 2*a**4/3 - a**3/2 - a**2 - 2*a - 1. Let l(g) be the first derivative of i(g). Is l(-3) prime?
True
Suppose 8*f - 6*f - 5286 = 0. Is f composite?
True
Suppose 8*a + 2*a = 8620. Is a composite?
True
Let w(f) = f**3 - 6*f**2 - 7*f + 3. Let x be w(7). Let y be (44/x)/((-8)/(-36)). Let u = y - 35. Is u a prime number?
True
Suppose 0*y = 5*y - 5. Let i be 0*(0 - y/(-2)). Suppose 3*p - 34 - 23 = i. Is p composite?
False
Let h(d) = 9*d**2 - 3*d - 3. Suppose 6*x - 12 = 10*x. Is h(x) a prime number?
False
Suppose 14 = -q + 3*q. Let w(n) = -n - 2*n + q + 0*n. Is w(-6) a composite number?
True
Let v(p) = -6*p**3 - p**2 + 5*p + 7. Let f(i) = i**3 - i**2 + i - 1. Let c(h) = 5*f(h) + v(h). Let r be c(-7). Let s = 32 + r. Is s prime?
True
Suppose -2*i - 15 = -5*i. Suppose -14 = -i*w + 31. Is w composite?
True
Suppose -5*l = a - 179, -3*a + 839 = -3*l + 248. Is a a prime number?
False
Let i(p) = 22*p + 5. Let j be (-3 - 6/3)/(-1). Is i(j) prime?
False
Suppose -12 = 4*p, -5*p = -0*n + 2*n + 547. Let i = 79 - -314. Let l = n + i. Is l a composite number?
False
Let k(z) = 5*z**2 + 9*z + 5. Suppose -6*r = -3*r + 5*o - 30, o = 3. Suppose 0*v - r*v - 30 = 0. Is k(v) a composite number?
False
Let c = 95 - -16. Is c composite?
True
Let b be (2/(-6))/((-2)/18). Suppose -p - 3 = -b*x, -2 - 2 = -4*x. Suppose 0 = 4*q - 2*o - 524, 2*o = -p*o + 8. Is q a prime number?
False
Is (14425/(-20))/((-18)/8 - -2) prime?
False
Suppose 2*l - 270 = 824. Suppose 0 = 3*q - 326 - l. Is q composite?
True
Let u = 61 - 87. Is (25/10)/((-1)/u) prime?
False
Suppose -194 = -4*s + 38. Is s a prime number?
False
Let i be (10/6)/((-1)/(-3)). Suppose 104 - 29 = -5*s. Is (-384)/s + 2/i a composite number?
True
Let p(l) = -2*l**3 - 16*l**2 - 12*l - 7. Is p(-11) prime?
False
Suppose 2*a + 40 = -2*a. Let g = 15 + -30. Is (-4)/a - 309/g prime?
False
Suppose 2*i + 3*p - 688 = 2*p, 5*i - 1734 = p. Is i composite?
True
Let z = 6 + -4. Suppose -z*s + 95 = 19. Suppose -2*o - 2*i = 2*i - s, -3*i = -o + 24. Is o a prime number?
False
Let n(z) = z - 1. Let w be n(5). Suppose -w*x + 0*x - 146 = -2*d, -4*d = -4*x - 304. Is d a composite number?
False
Let h(s) = s**3 - 15*s**2 + 11*s - 19. Is h(18) a prime number?
True
Let i = 423 - 260. Is i a composite number?
False
Let t = 31 - 12. Is t composite?
False
Let u = -231 - -2299. Let m be (-2)/(-4) + u/8. Suppose 5*b + 2*g = m, -2*g - 47 = -0*b - b. Is b a prime number?
False
Let z be -3 + 4 - (-2)/1. Let n(h) = 4*h**3 + 3*h**2 - h - 3. Let r be n(z). Suppose -2*y = 23 - r. Is y prime?
True
Let a(g) = -g**3 - 5*g**2 - 6*g + 5. Let r be a(-6). Let b = -73 + 35. Let o = r + b. Is o composite?
True
Suppose 0*h = -2*h + 304. Suppose -3*m = -p + h, 4*p = 2*m + 399 + 199. Is p prime?
True
Is 61808/(-32)*(-3 - -1) a prime number?
True
Suppose 3 = -3*o + 4*o. Is 0 + 1 + (o - -499) a composite number?
False
Let q(b) = 14*b**2 - 3*b + 12. Is q(5) prime?
True
Let x(s) = s**2 + s + 7. Let q be 2/7 + 131/7. Let j be (-3)/(-12) - q/(-4). Is x(j) a composite number?
False
Let a(v) = 246*v**2 - v + 1. Let l be a(1). Suppose 0*s = 3*s - l. Is s composite?
True
Let z(w) = 6*w**2 - 16*w + 11. Is z(13) prime?
False
Let r(l) = 5*l - 10. Let f(u) = -4*u + 9. Let g(k) = 6*f(k) + 5*r(k). Is g(0) a prime number?
False
Suppose 2*x - 2*p + 155 = 3*x, 4*p = 2*x - 342. Is x composite?
False
Let p = -23 - -8. Let j = -11 - p. Suppose 0*u = j*u - 184. Is u composite?
True
Let x = 129 - 17. Let i be 17/4 - (-7)/(-28). Suppose i*h = 5*m + x, -h + 4*m = 2*h - 83. Is h a composite number?
True
Is ((-1861)/(-3))/((-3)/(-9)) a prime number?
True
Suppose 5*n - 29 = -3*y, 4*y - 16 = -2*n + n. Suppose -3*b = t + b + 3, 2*t = y*b + 16. Let l(z) = z**3 - z + 7. Is l(t) a prime number?
True
Suppose -p - 10 = -99. Is p composite?
False
Suppose 3*j - 185 = 343. Suppose -795 = -5*k + 4*z, 5*z = -2*k + 175 + j. Is k a prime number?
True
Suppose -5*c + 4*c = 5. Let y = c - -10. Suppose 5*w + 4*d - 90 = -d, -y*d + 21 = 2*w. Is w a prime number?
True
Let t(d) be the second derivative of 7*d**3/2 + 2*d**2 - 3*d. Is t(5) a composite number?
False
Suppose 0 = -4*w - w + 90. Let g be (-4)/w - (-1788)/27. Suppose -45 = -q + g. Is q a prime number?
False
Is 15/2*888/36 a prime number?
False
Suppose -928 = -2*d - g, 5*d - 1512 = -5*g + 818. Suppose 0 = 2*w - h - d, -5*h + 952 = 2*w + 2*w. Is w a prime number?
True
Suppose x - 8 = -3*x. Let f(k) = -2*k**2 - 4*k + 3 + k**x - 5*k. Is f(-5) a prime number?
True
Suppose 4*h = 2*h. Suppose h = -3*q + 23 + 22. Is q prime?
False
Suppose 0 = 2*h - 140 - 1168. Let v = h + -385. Suppose 5*l - 6 = v. Is l a composite number?
True
Let u(j) = -440*j**2 - j + 1. Let x be u(1). Let i = -310 - x. Suppose 0 = -y - y + i. Is y composite?
True
Let k be (-40)/25*(-10)/(-2). Let z = 14 - k. Is z composite?
True
Suppose 12 = -3*x, v - 2*v - x - 94 = 0. Let h = 177 + v. Is h composite?
True
Suppose 126 = j + 2. Suppose -5*k - j = -4*m, -138 = -m - 4*m + 2*k. Is m prime?
False
Let l = 0 + -73. Let q = l + 200. Is q prime?
True
Suppose u - 6*u = -11665. Is u a prime number?
True
Is (-4)/(28/(-3505)) + (-10)/(-35) prime?
False
Let i = -122 - -235. Is i composite?
False
Let d = -197 - -316. Let m = d - -104. Is m a composite number?
False
Suppose 14 = 3*b - 1, 4*x + b = 81. Suppose 0 = c - x + 5. Is c composite?
True
Let v be 4/(-6)*(-27)/6. Let u(l) = 68*l - 2. Let s be u(v). Let x = s - 125. Is x a prime number?
False
Let a(g) = -g**2 + 5*g - 4. Let d be a(3). Suppose -2*j + 120 = 5*t, -5*j = -2*j + d*t - 191. Is j prime?
False
Suppose 2*w - 1221 = 5*v - 3970, 3*w - 1111 = -2*v. Is v composite?
True
Let o = -15 - -7. Is (3 - 2) + -3 - o composite?
True
Suppose 2*i + 3*i - 20 = 0. Suppose 0*j + 4*j = 2456. Suppose 106 = -i*c + j. Is c composite?
False
Let w(j) = 183*j + 4. Is w(3) composite?
True
Suppose 0 = w + 6*d - d + 41, 146 = -4*w - 2*d. Let o = -21 - w. Let v = 25 - o. Is v a prime number?
False
Let z(j) = 19*j + 1. Is z(10) a prime number?
True
Suppose -29225 = -13*r + 32928. Is r a prime number?
False
Let p = -341 - -873. Suppose 9*s = 5*s + p. Is s a prime number?
False
Let u = 0 + 9. Let x = u + -14. Let c(p) = -17*p. Is c(x) composite?
True
Let o = 69 - -8. Is o a prime number?
False
Let r be 0 - -6 - (7 - 4). Let g = r - 23. Is (g - 1)*(-58)/6 a composite number?
True
Let a be ((-6)/(-9))/((-2)/12*-4). Let v(n) be the second derivative of n**4/6 + n**3/3 - n**2/2 - n. Is v(a) prime?
True
Let r(d) = 2*d + 3. Let c(t) = 0 - t**2 + 0 - 1 - 5*t. Let p be c(-4). Is r(p) composite?
True
Let v(q) = q**3 + 2*q**2 + 2*q + 2. Let k be v(-2). Is 30/2 + 2 + k composite?
True
Is -55*3/(-9)*3 a prime number?
False
Suppose -3*k + 5 = 3*d + 2, 2*d = 4*k - 22. Let y(z) = z**3 + 4. Let j(b) = -b**2 - b. Let m(s) = -2*j(s) - y(s). Is m(d) prime?
False
Let h be 1/(-4) - (-204)/48. Is -1*422/h*-4 prime?
False
Is (1*-10)/(-2 + 1) a prime number?
False
Let o be -1*3*2/6. Is -28*o/2*1 a prime number?
False
Let i be -13 - (5 -